e -j - 289 = -g. Suppose -1231 = -3*p - 5*s, -j = -0*p - 2*p - 3*s. Is p a composite number?
True
Is 0 + (-3095198)/(-28) + (-36)/(-168) prime?
True
Let c(t) = -4*t**2 + t - 2. Let m be c(3). Suppose 73*a - 9422 = 15438 + 4778. Is (m/14 - (2 - 5))*a a prime number?
False
Let z = -386600 + 597423. Is z a prime number?
True
Suppose -210*i = -204*i - 108. Let g(m) = 6*m**2 - 17*m + 8. Is g(i) a composite number?
True
Suppose -7820*j - 10006375 = -7845*j. Is j prime?
False
Suppose -3*s + 5 = 2*r, -2*r + 20 = -6*r. Suppose s*m + 4407 = 2*k - 256, -4*m + 4654 = 2*k. Is k prime?
False
Suppose 359*x = 45527111 - 10464658. Is x prime?
False
Suppose 59*v + 41*v - 28725736 = -4*v. Is v a composite number?
False
Let y(o) = o**3 + o - 6. Let s be y(8). Let i = -904 - -3621. Suppose -9*g = -s - i. Is g composite?
False
Let u(z) = -z**3 + 10*z**2 + 5*z - 10. Let b be u(5). Is b/(-910) - 5178/(-26) prime?
True
Suppose 2*r + 9145 = -3*n, -3*n - 5*r - 4551 = 4600. Is (n/(-3))/(-9 - (-168)/18) composite?
True
Let l(t) = -475*t**2 - 4*t - 2. Let c be l(-2). Let u = c - -9131. Is u prime?
True
Let m be (-12)/18*-835*(-1428)/(-10). Is (m/42)/((-4)/(-6)) a composite number?
True
Let i be (-8)/(-6)*14/(-28)*3. Let j be (5 - -9)*((-3)/6 - i). Let n(f) = 9*f**2 - 71*f - 1. Is n(j) prime?
True
Suppose 13 + 17 = -2*t + 3*q, -t = q + 5. Let r be ((t/(-6))/1)/(21/98). Suppose 149 + 488 = r*w. Is w prime?
False
Is ((-24)/(-36) - (-255049)/21)*49 prime?
False
Let q(b) = b**3 + 11*b**2 + 7*b + 18. Let o be q(-9). Let k = 455 - 248. Suppose -2*p - 5*d = -k, p - 5*d = -3*d + o. Is p prime?
False
Suppose -8*m = -15*m + 18*m. Suppose 416*j - 419*j + 8481 = m. Is j prime?
False
Suppose 3*b = -5*o + 2250828, 28*o + 2250858 = 3*b + 23*o. Is b a composite number?
True
Suppose -4*v + 3*h + 18 = 0, 0 = 5*v + 6*h - 4*h - 11. Suppose -v*f = y - 4734, -5*f + 3736 = -5*y - 4174. Is f prime?
True
Suppose -84*u - 291210 = -101*u. Suppose 0*d = 15*d - u. Is d a composite number?
True
Let n be (-20)/14*(14 - 7). Is (0 + n)*(-19)/(-38) - -638 prime?
False
Let w(q) = 35*q**2 - 6*q + 2. Let l be w(-4). Suppose -l = -8*s + 6*s. Let k = s + -202. Is k a prime number?
False
Let r = -45 - -50. Suppose -227 = -r*v + 208. Let o = v + -50. Is o composite?
False
Is (594389/8)/1 + 246/656 a prime number?
False
Let d(y) = y - 1. Let n be d(2). Suppose -10 = -3*p - h, 3*h - n + 16 = 0. Suppose 2*u + 123 = t - 0*t, -t - p*u = -95. Is t composite?
True
Let c(v) = 2*v**2 + v + 25. Let k be c(0). Let j = k + -116. Is 6897/39 + (-14)/j prime?
False
Is ((-41254)/(-22))/(23/253) prime?
True
Is ((-486938)/14)/(407/(-2849)) a prime number?
True
Suppose -11*q + 892 = -593. Let d = q - 102. Is d a prime number?
False
Let f = -43 - -61. Suppose -5*o = 46 - 121. Suppose f*c - o*c = 2451. Is c a prime number?
False
Suppose h - 34 = -k, 5*k - 3*h - 30 = 108. Suppose -19*f - 34*f - 53 = 0. Is (f/2)/((-5)/k) a composite number?
False
Let x be (14 - 20)*5/((-15)/2). Suppose 0*q + 4*q + x*o = -8, 8 = -2*o. Is (q + 0)*(-15270)/(-20) a prime number?
False
Let j(f) = -f**2 - 9*f + 66. Let l be j(5). Is (997/l)/(2/(-136)) composite?
True
Let k(d) = -d**3 + 5*d**2 - 4*d. Let y be k(4). Let j(b) = -6*b**2 - 305*b + 14. Let c be j(-34). Suppose y = a - 1, 3*r + a - c = 6*a. Is r composite?
False
Let f(j) = j**2 - 15*j + 35. Let b be f(13). Let d = 2 + 2. Suppose 6923 = 2*o + 3*l, b = d*l - l. Is o a prime number?
True
Let t be (-20)/(-5) + -6 - -4. Suppose t*l = -5 + 3. Let y = 288 + l. Is y composite?
True
Suppose 0 = -32*r + 50*r - 114822. Is r a composite number?
False
Suppose 9244853 = 149*a - 772986 - 3462042. Is a a prime number?
True
Suppose -9*r = -7*r - 572. Suppose 2*a - r - 15849 = w, 32267 = 4*a - 3*w. Is a composite?
False
Suppose 5*d = 4*z - 23, -z = -4*d - 0*z - 14. Is (d/(-1))/((-12)/(-6044)) a prime number?
True
Let u = -5082 - -11192. Suppose 6*n - 1582 = u. Suppose 4*h + i = -0*i + n, 4*i - 634 = -2*h. Is h prime?
False
Suppose 91 = 14*x - 13*x. Let a = x - 89. Suppose 0 = 4*s - a*m - 930, 2*s - 2*m + 7*m = 495. Is s prime?
False
Let i be (1 + -4 + -3)*(-8 - -10). Is i/(-14) - (-1211041)/91 prime?
True
Let y(a) = 15*a**3 - 7*a + 6. Let r be y(4). Let l = -1821 + 2761. Suppose 0 = 2*v + 4*d - r, -d + l = 2*v + d. Is v composite?
True
Let w = -28 + 26. Let s(z) = -z**2 - 3*z. Let i be s(w). Suppose -5*r + 4*d + 2903 = -0*r, -i*r - 4*d + 1178 = 0. Is r composite?
True
Suppose 7*j - 152285 = 2*j. Suppose 6*o = 128587 - j. Is o a prime number?
False
Suppose 5*o + 2*x = 6*o - 17103, -5*x - 51308 = -3*o. Let l = -27221 - -44318. Suppose 5*p - 4*y - l = 0, -y + o = 5*p - 3*y. Is p a prime number?
False
Let o(b) = 1325*b + 7. Let c be (96/12*(-2)/4)/(-2). Is o(c) prime?
True
Let p(x) = -177*x**2 - 16. Let y be p(-5). Let v = -1082 - y. Is v prime?
True
Suppose -16 = -27*g + 23*g. Suppose 4*h = 4*m - 6816, -g*m + 2*m + 3408 = 3*h. Suppose m + 52 = 4*j. Is j composite?
False
Let g(b) = -5562*b - 13. Let i be g(-1). Let h = i - 2648. Is h prime?
False
Let y(z) = -5*z + 564. Let a be 0/(8*(-5)/10). Let c be y(a). Let s = 1059 + c. Is s a composite number?
True
Let z(n) = -n**3 - 5*n**2 - 13*n - 13. Let s be z(-7). Suppose -5*m = -4*m - 22. Is (-1426)/(-16) - m/s a composite number?
False
Let a(m) = m**2 + 17*m - 13. Let c be a(-18). Suppose -54 - 318 = -i - c*v, -1171 = -3*i - 4*v. Is i prime?
True
Suppose -6062525 - 2508156 = -41*r. Is r a prime number?
False
Let y(v) = 67*v**2 - 3*v + 5. Let l be y(5). Suppose 4*h - 2848 + 656 = 0. Let a = l - h. Is a a composite number?
False
Let j be (-129)/(-45) - 3 - (-96)/45. Suppose p + 0*p = 4*i - 229, -55 = -i - j*p. Suppose -i*d + 1598 = -55*d. Is d prime?
False
Let l(n) be the first derivative of 103*n**5/30 + n**4/8 + 5*n**3 + 2. Let j(z) be the third derivative of l(z). Is j(4) a prime number?
False
Let r(f) = -571*f**3 - 51*f**2 - 7 - 5*f + 25*f**2 + 29*f**2. Is r(-2) composite?
False
Let v = 213386 + 451767. Is v composite?
False
Let b(p) = 32749*p - 351. Is b(6) a composite number?
True
Let n = 56184 + -34843. Is n a composite number?
False
Suppose -c + 23 = 2*y + 4*y, 0 = -2*y - 5*c + 31. Suppose -2*q - y*g - 90 + 1841 = 0, -2*q = -4*g - 1758. Is q composite?
False
Suppose -25*j + 52243 + 96943 = 169*j. Suppose 0 = 2*h - h + 546. Let u = h + j. Is u a prime number?
True
Let g be 5 - 2 - (0/(-3))/5. Suppose 0*s + 3*s - 5*c = 28057, -5*s + g*c + 46751 = 0. Is s composite?
False
Suppose -4*k + 3651 = 799. Suppose -k = -2*o + 267. Let t = 788 - o. Is t prime?
False
Let o(y) be the third derivative of -1/6*y**4 + 0 + 7/6*y**3 + 1/15*y**5 - 7/120*y**6 - 17*y**2 + 0*y. Is o(-4) prime?
False
Let i = 36 - 33. Suppose 0 = 2*a - i*a + 4. Suppose -a*c + 5*f = -5*c + 658, 4*f = 5*c - 3435. Is c a composite number?
False
Let j = 18 - 8. Suppose -3*t + j + 29 = 0. Let i(n) = 12*n**2 - 16*n - 23. Is i(t) a prime number?
False
Let c be (15 + (-4)/(-1))/(-1)*-5. Let r = 95 - c. Suppose l - 53 = -r*l. Is l composite?
False
Let y = -1048521 - -1712218. Is y composite?
True
Suppose -214635 = -8*l + 3*l + 5*c, 5*l + 2*c = 214607. Is l composite?
False
Suppose 10*y - 80 = -6*y. Suppose -y*o = -2*d - 4*o + 2234, 0 = d - 3*o - 1127. Is d a prime number?
False
Suppose 19*l + 3235291 = 57*l + 264033. Is l a prime number?
True
Suppose -5*h + 133123 = 4*p, -p + 26624 = -79*h + 80*h. Is h a prime number?
True
Suppose 0 = -4*v + c + 371349, -2*c - 185678 = -2*v + 2*c. Suppose v = 26*l - 9*l. Is l prime?
False
Let u(y) = 262910*y**2 + 25*y + 24. Is u(-1) prime?
True
Let g be 2 + (-27)/(-8 + -1). Suppose -m - 5*s + 887 = -8*s, -g*m - s + 4435 = 0. Is m prime?
True
Let d(h) = -3*h**3 + 23*h**2 - 130. Let w(c) = -c**3 + 8*c**2 - 43. Let l(u) = 2*d(u) - 7*w(u). Is l(12) composite?
True
Suppose -30*q - 6 = -32*q. Suppose -q*u - 2*m + 5288 = -6623, 2*u - 5*m - 7909 = 0. Is u a composite number?
False
Let n(a) = -a**3 - 6*a**2 - 8*a - 5. Let z be n(-5). Let j be (z - 6)/(1 + -2). Let v(y) = -2*y**3 + 4*y**2 - 3*y + 9. Is v(j) a prime number?
False
Let a = 338 - 333. Suppose 0 = 4*u + 3*o - 2192, 1215 = -a*u - 4*o + 3954. Is u prime?
False
Let h = 61 - 62. Let v be 111*(3 + -4)*(-2 - h). Let q = -74 + v. Is q a prime number?
True
Let p(f) = 389*f**2 + 10. Let d be ((-6)/(-2))/(0 + 1). Is p(d) a prime number?
T